{"id":8545,"date":"2022-02-09T14:48:19","date_gmt":"2022-02-09T09:18:19","guid":{"rendered":"https:\/\/www.ies.edu\/architecture\/?page_id=8545"},"modified":"2022-03-04T15:55:51","modified_gmt":"2022-03-04T10:25:51","slug":"khudeja-patel","status":"publish","type":"page","link":"https:\/\/www.ies.edu\/architecture\/people__trashed\/khudeja-patel\/","title":{"rendered":"Khudeja Patel"},"content":{"rendered":"\n<div style=\"height:20px\" aria-hidden=\"true\" class=\"wp-block-spacer\"><\/div>\n\n\n\n<div class=\"wp-block-group alignfull\"><div class=\"wp-block-group__inner-container is-layout-flow wp-block-group-is-layout-flow\">\n<div class=\"wp-block-jetpack-layout-grid alignfull column1-desktop-grid__span-2 column1-desktop-grid__row-1 column2-desktop-grid__span-4 column2-desktop-grid__start-3 column2-desktop-grid__row-1 column3-desktop-grid__span-3 column3-desktop-grid__start-7 column3-desktop-grid__row-1 column4-desktop-grid__span-3 column4-desktop-grid__start-10 column4-desktop-grid__row-1 column1-tablet-grid__span-4 column1-tablet-grid__row-1 column2-tablet-grid__span-4 column2-tablet-grid__start-5 column2-tablet-grid__row-1 column3-tablet-grid__span-4 column3-tablet-grid__row-2 column4-tablet-grid__span-4 column4-tablet-grid__start-5 column4-tablet-grid__row-2 column1-mobile-grid__span-4 column1-mobile-grid__row-1 column2-mobile-grid__span-4 column2-mobile-grid__row-2 column3-mobile-grid__span-4 column3-mobile-grid__row-3 column4-mobile-grid__span-4 column4-mobile-grid__row-4\">\n<div class=\"wp-block-jetpack-layout-grid-column wp-block-jetpack-layout-grid__padding-none\">\n<div style=\"height:10px\" aria-hidden=\"true\" class=\"wp-block-spacer\"><\/div>\n\n\n<div class=\"wp-block-image is-style-circle-mask wp-duotone-000000-ffffff-1\">\n<figure class=\"alignleft size-full\"><img loading=\"lazy\" decoding=\"async\" width=\"2362\" height=\"2362\" data-attachment-id=\"8542\" data-permalink=\"https:\/\/www.ies.edu\/architecture\/?attachment_id=8542\" data-orig-file=\"https:\/\/www.ies.edu\/architecture\/wp-content\/uploads\/2022\/02\/3.-khudeja-2.jpg\" data-orig-size=\"2362,2362\" data-comments-opened=\"1\" data-image-meta=\"{&quot;aperture&quot;:&quot;0&quot;,&quot;credit&quot;:&quot;&quot;,&quot;camera&quot;:&quot;&quot;,&quot;caption&quot;:&quot;&quot;,&quot;created_timestamp&quot;:&quot;0&quot;,&quot;copyright&quot;:&quot;&quot;,&quot;focal_length&quot;:&quot;0&quot;,&quot;iso&quot;:&quot;0&quot;,&quot;shutter_speed&quot;:&quot;0&quot;,&quot;title&quot;:&quot;&quot;,&quot;orientation&quot;:&quot;0&quot;}\" data-image-title=\"3.-khudeja-2\" data-image-description=\"\" data-image-caption=\"\" data-medium-file=\"https:\/\/www.ies.edu\/architecture\/wp-content\/uploads\/2022\/02\/3.-khudeja-2.jpg\" data-large-file=\"https:\/\/www.ies.edu\/architecture\/wp-content\/uploads\/2022\/02\/3.-khudeja-2.jpg\" src=\"https:\/\/www.ies.edu\/architecture\/wp-content\/uploads\/2022\/02\/3.-khudeja-2.jpg\" alt=\"\" class=\"wp-image-8542\"\/><\/figure><\/div>\n\n\n<div itemprop=\"location\" itemscope itemtype=\"http:\/\/schema.org\/Organization\" class=\"wp-block-jetpack-contact-info\">\n<p class=\"has-text-align-left\" style=\"font-size:14px\"><strong>Khudeja Patel<\/strong><br>Associate Professor<strong> <\/strong><\/p>\n<\/div>\n\n\n\n<ul class=\"wp-block-social-links is-layout-flex wp-block-social-links-is-layout-flex\"><li class=\"wp-social-link wp-social-link-linkedin  wp-block-social-link\"><a href=\"https:\/\/www.linkedin.com\/in\/khudeja-saiyed-01965599\/\" class=\"wp-block-social-link-anchor\"><svg width=\"24\" height=\"24\" viewBox=\"0 0 24 24\" version=\"1.1\" xmlns=\"http:\/\/www.w3.org\/2000\/svg\" aria-hidden=\"true\" focusable=\"false\"><path d=\"M19.7,3H4.3C3.582,3,3,3.582,3,4.3v15.4C3,20.418,3.582,21,4.3,21h15.4c0.718,0,1.3-0.582,1.3-1.3V4.3 C21,3.582,20.418,3,19.7,3z M8.339,18.338H5.667v-8.59h2.672V18.338z M7.004,8.574c-0.857,0-1.549-0.694-1.549-1.548 c0-0.855,0.691-1.548,1.549-1.548c0.854,0,1.547,0.694,1.547,1.548C8.551,7.881,7.858,8.574,7.004,8.574z M18.339,18.338h-2.669 v-4.177c0-0.996-0.017-2.278-1.387-2.278c-1.389,0-1.601,1.086-1.601,2.206v4.249h-2.667v-8.59h2.559v1.174h0.037 c0.356-0.675,1.227-1.387,2.526-1.387c2.703,0,3.203,1.779,3.203,4.092V18.338z\"><\/path><\/svg><span class=\"wp-block-social-link-label screen-reader-text\">LinkedIn<\/span><\/a><\/li>\n\n<li class=\"wp-social-link wp-social-link-instagram  wp-block-social-link\"><a href=\"https:\/\/www.instagram.com\/khudejazeba\/\" class=\"wp-block-social-link-anchor\"><svg width=\"24\" height=\"24\" viewBox=\"0 0 24 24\" version=\"1.1\" xmlns=\"http:\/\/www.w3.org\/2000\/svg\" aria-hidden=\"true\" focusable=\"false\"><path d=\"M12,4.622c2.403,0,2.688,0.009,3.637,0.052c0.877,0.04,1.354,0.187,1.671,0.31c0.42,0.163,0.72,0.358,1.035,0.673 c0.315,0.315,0.51,0.615,0.673,1.035c0.123,0.317,0.27,0.794,0.31,1.671c0.043,0.949,0.052,1.234,0.052,3.637 s-0.009,2.688-0.052,3.637c-0.04,0.877-0.187,1.354-0.31,1.671c-0.163,0.42-0.358,0.72-0.673,1.035 c-0.315,0.315-0.615,0.51-1.035,0.673c-0.317,0.123-0.794,0.27-1.671,0.31c-0.949,0.043-1.233,0.052-3.637,0.052 s-2.688-0.009-3.637-0.052c-0.877-0.04-1.354-0.187-1.671-0.31c-0.42-0.163-0.72-0.358-1.035-0.673 c-0.315-0.315-0.51-0.615-0.673-1.035c-0.123-0.317-0.27-0.794-0.31-1.671C4.631,14.688,4.622,14.403,4.622,12 s0.009-2.688,0.052-3.637c0.04-0.877,0.187-1.354,0.31-1.671c0.163-0.42,0.358-0.72,0.673-1.035 c0.315-0.315,0.615-0.51,1.035-0.673c0.317-0.123,0.794-0.27,1.671-0.31C9.312,4.631,9.597,4.622,12,4.622 M12,3 C9.556,3,9.249,3.01,8.289,3.054C7.331,3.098,6.677,3.25,6.105,3.472C5.513,3.702,5.011,4.01,4.511,4.511 c-0.5,0.5-0.808,1.002-1.038,1.594C3.25,6.677,3.098,7.331,3.054,8.289C3.01,9.249,3,9.556,3,12c0,2.444,0.01,2.751,0.054,3.711 c0.044,0.958,0.196,1.612,0.418,2.185c0.23,0.592,0.538,1.094,1.038,1.594c0.5,0.5,1.002,0.808,1.594,1.038 c0.572,0.222,1.227,0.375,2.185,0.418C9.249,20.99,9.556,21,12,21s2.751-0.01,3.711-0.054c0.958-0.044,1.612-0.196,2.185-0.418 c0.592-0.23,1.094-0.538,1.594-1.038c0.5-0.5,0.808-1.002,1.038-1.594c0.222-0.572,0.375-1.227,0.418-2.185 C20.99,14.751,21,14.444,21,12s-0.01-2.751-0.054-3.711c-0.044-0.958-0.196-1.612-0.418-2.185c-0.23-0.592-0.538-1.094-1.038-1.594 c-0.5-0.5-1.002-0.808-1.594-1.038c-0.572-0.222-1.227-0.375-2.185-0.418C14.751,3.01,14.444,3,12,3L12,3z M12,7.378 c-2.552,0-4.622,2.069-4.622,4.622S9.448,16.622,12,16.622s4.622-2.069,4.622-4.622S14.552,7.378,12,7.378z M12,15 c-1.657,0-3-1.343-3-3s1.343-3,3-3s3,1.343,3,3S13.657,15,12,15z M16.804,6.116c-0.596,0-1.08,0.484-1.08,1.08 s0.484,1.08,1.08,1.08c0.596,0,1.08-0.484,1.08-1.08S17.401,6.116,16.804,6.116z\"><\/path><\/svg><span class=\"wp-block-social-link-label screen-reader-text\">Instagram<\/span><\/a><\/li>\n\n<li class=\"wp-social-link wp-social-link-mail  wp-block-social-link\"><a href=\"mailto:&#107;hud&#101;j&#097;&#046;&#115;&#097;&#105;ye&#100;&#064;&#105;es.e&#100;&#117;\" class=\"wp-block-social-link-anchor\"><svg width=\"24\" height=\"24\" viewBox=\"0 0 24 24\" version=\"1.1\" xmlns=\"http:\/\/www.w3.org\/2000\/svg\" aria-hidden=\"true\" focusable=\"false\"><path d=\"M19,5H5c-1.1,0-2,.9-2,2v10c0,1.1.9,2,2,2h14c1.1,0,2-.9,2-2V7c0-1.1-.9-2-2-2zm.5,12c0,.3-.2.5-.5.5H5c-.3,0-.5-.2-.5-.5V9.8l7.5,5.6,7.5-5.6V17zm0-9.1L12,13.6,4.5,7.9V7c0-.3.2-.5.5-.5h14c.3,0,.5.2.5.5v.9z\"><\/path><\/svg><span class=\"wp-block-social-link-label screen-reader-text\">Mail<\/span><\/a><\/li><\/ul>\n<\/div>\n\n\n\n<div class=\"wp-block-jetpack-layout-grid-column wp-block-jetpack-layout-grid__padding-none\">\n<h6 class=\"wp-block-heading\" id=\"about\"><strong>About<\/strong><\/h6>\n\n\n\n<p style=\"font-size:14px\"><br>Khudeja has been teaching architecture since 2009 at various colleges of architecture and is currently an Associate Prof at IES COA. She completed her Bachelors from Rizvi College of Architecture and then moved on to pursuing her M. Arch. in urban and regional planning from IES College of Architecture. She has a keen interest in studying the vernacular architecture of various regions and has conducted studios in the past regarding the same. She also shoulders responsibility for conducting lectures and studios on urban Planning for the students in their final year in the subject of Allied Design. Allied design studio for final year students at IES College of Architecture focuses exclusively on Urban Planning, a syllabus designed keeping in mind the overall understanding of the subject and equipping students in pursuing further studies for the same. Research in architecture and urban issues interest her immensely and is driven towards creating a stronger foothold in the same. An ardent traveller, Khudeja loves to travel and explore places. She believes that travel is the best form of learning. And just like travel, the learning process must never stop.<\/p>\n<\/div>\n\n\n\n<div class=\"wp-block-jetpack-layout-grid-column wp-block-jetpack-layout-grid__padding-none\">\n<h6 class=\"wp-block-heading\" id=\"education-1\">Education<\/h6>\n\n\n\n<p style=\"font-size:14px\"><br>1. Masters of Architecture (Urban and Regional Planning), YCMOU (IES College of Architecture, Mumbai), 2014 <\/p>\n\n\n\n<p style=\"font-size:14px\">2. Passed Bachelors of Architecture, Mumbai University (Rizvi College of Architecture, Mumbai), 2008<\/p>\n<\/div>\n\n\n\n<div class=\"wp-block-jetpack-layout-grid-column wp-block-jetpack-layout-grid__padding-none\">\n<h6 class=\"wp-block-heading\" id=\"notable-achievement-publications-and-projects\">Notable Achievement, Publications and Projects<\/h6>\n\n\n\n<ul class=\"wp-block-list\" style=\"font-size:14px\"><li>Felicitated at the IIA Dissertation Award for mentoring a student who won fourth place amongst dissertation students of colleges in the MMR for the year 2020. <br>Article published in Council of Architecture (India) magazine, Architecture, Time Space and People, March 2012 \u2013 Architecture without architects<\/li><li> Invited as a speaker at the 15th Asian Congress of Architects- ARCASIA 2012 held at Bali, Indonesia to read a paper on Symbiosis of Cultural heritage and Modernist Inserts in Asian countries <\/li><li>Attended the Vernacular Architecture Forum held in Gasp\u00e9-Perc\u00e9, Qu\u00e9bec, Canada from 11-15 June 2013, as respondent in the Sustaining the tourism industry in Perce workshop. <\/li><li>Presented a paper entitled Housing analysis at fringe area- A parametric analysis, case-Mumbai at the conference Future Housing: Global Cities and Regional Problems organized by AMPS, the scholarly journal Architecture MPS, and Swinburne University of Technology. <\/li><li>Delivered a lecture and conducted a workshop for COATRC at IES College of Architecture on Documentation of temple precinct in December 2020<\/li><li>Conducted a three day workshop on Field Research Methods Study of Jivdani temple precinct in Virar. , November 2015 at Viva College of architecture.<\/li><li>Conducted a workshop on \u2018Study of Impact of Religious Spaces on their Surroundings, Case: Island City Mumbai\u2019 at IES College of Architecture, Mumbai.<\/li><li>Conducted an elective on Art movement in Architecture at NDMVPS College of Architecture in November 2019. <\/li><li>Appointed as the subject incharge for Allied design (semester 3 and 4) and designed the course content for the new syllabus introduced by the Mumbai University. Of the various projects done, one of the projects of furniture out of scrap had been displayed in the Bandra Art Festival in November 2014 and in the Kala Ghoda art festival in February 2014.<\/li><\/ul>\n<\/div>\n<\/div>\n<\/div><\/div>\n","protected":false},"excerpt":{"rendered":"<p>About Khudeja has been teaching architecture since 2009 at various colleges of architecture and is currently an Associate Prof at IES COA. She completed her &hellip;<\/p>\n","protected":false},"author":2,"featured_media":0,"parent":27,"menu_order":8,"comment_status":"closed","ping_status":"closed","template":"","meta":{"spay_email":"","footnotes":""},"class_list":["post-8545","page","type-page","status-publish","hentry"],"jetpack_sharing_enabled":true,"jetpack_likes_enabled":true,"_links":{"self":[{"href":"https:\/\/www.ies.edu\/architecture\/wp-json\/wp\/v2\/pages\/8545","targetHints":{"allow":["GET"]}}],"collection":[{"href":"https:\/\/www.ies.edu\/architecture\/wp-json\/wp\/v2\/pages"}],"about":[{"href":"https:\/\/www.ies.edu\/architecture\/wp-json\/wp\/v2\/types\/page"}],"author":[{"embeddable":true,"href":"https:\/\/www.ies.edu\/architecture\/wp-json\/wp\/v2\/users\/2"}],"replies":[{"embeddable":true,"href":"https:\/\/www.ies.edu\/architecture\/wp-json\/wp\/v2\/comments?post=8545"}],"version-history":[{"count":6,"href":"https:\/\/www.ies.edu\/architecture\/wp-json\/wp\/v2\/pages\/8545\/revisions"}],"predecessor-version":[{"id":8969,"href":"https:\/\/www.ies.edu\/architecture\/wp-json\/wp\/v2\/pages\/8545\/revisions\/8969"}],"up":[{"embeddable":true,"href":"https:\/\/www.ies.edu\/architecture\/wp-json\/wp\/v2\/pages\/27"}],"wp:attachment":[{"href":"https:\/\/www.ies.edu\/architecture\/wp-json\/wp\/v2\/media?parent=8545"}],"curies":[{"name":"wp","href":"https:\/\/api.w.org\/{rel}","templated":true}]}}

<div style="height:20px" aria-hidden="true" class="wp-block-spacer"></div>



<div class="wp-block-group alignfull"><div class="wp-block-group__inner-container is-layout-flow wp-block-group-is-layout-flow">
<div class="wp-block-jetpack-layout-grid alignfull column1-desktop-grid__span-2 column1-desktop-grid__row-1 column2-desktop-grid__span-4 column2-desktop-grid__start-3 column2-desktop-grid__row-1 column3-desktop-grid__span-3 column3-desktop-grid__start-7 column3-desktop-grid__row-1 column4-desktop-grid__span-3 column4-desktop-grid__start-10 column4-desktop-grid__row-1 column1-tablet-grid__span-4 column1-tablet-grid__row-1 column2-tablet-grid__span-4 column2-tablet-grid__start-5 column2-tablet-grid__row-1 column3-tablet-grid__span-4 column3-tablet-grid__row-2 column4-tablet-grid__span-4 column4-tablet-grid__start-5 column4-tablet-grid__row-2 column1-mobile-grid__span-4 column1-mobile-grid__row-1 column2-mobile-grid__span-4 column2-mobile-grid__row-2 column3-mobile-grid__span-4 column3-mobile-grid__row-3 column4-mobile-grid__span-4 column4-mobile-grid__row-4">
<div class="wp-block-jetpack-layout-grid-column wp-block-jetpack-layout-grid__padding-none">
<div style="height:10px" aria-hidden="true" class="wp-block-spacer"></div>


<div class="wp-block-image is-style-circle-mask wp-duotone-000000-ffffff-1">
<figure class="alignleft size-full"><img loading="lazy" decoding="async" width="2362" height="2362" data-attachment-id="8542" data-permalink="https://www.ies.edu/architecture/?attachment_id=8542" data-orig-file="https://www.ies.edu/architecture/wp-content/uploads/2022/02/3.-khudeja-2.jpg" data-orig-size="2362,2362" data-comments-opened="1" data-image-meta="{&quot;aperture&quot;:&quot;0&quot;,&quot;credit&quot;:&quot;&quot;,&quot;camera&quot;:&quot;&quot;,&quot;caption&quot;:&quot;&quot;,&quot;created_timestamp&quot;:&quot;0&quot;,&quot;copyright&quot;:&quot;&quot;,&quot;focal_length&quot;:&quot;0&quot;,&quot;iso&quot;:&quot;0&quot;,&quot;shutter_speed&quot;:&quot;0&quot;,&quot;title&quot;:&quot;&quot;,&quot;orientation&quot;:&quot;0&quot;}" data-image-title="3.-khudeja-2" data-image-description="" data-image-caption="" data-medium-file="https://www.ies.edu/architecture/wp-content/uploads/2022/02/3.-khudeja-2.jpg" data-large-file="https://www.ies.edu/architecture/wp-content/uploads/2022/02/3.-khudeja-2.jpg" src="https://www.ies.edu/architecture/wp-content/uploads/2022/02/3.-khudeja-2.jpg" alt="" class="wp-image-8542"/></figure></div>


<div itemprop="location" itemscope itemtype="http://schema.org/Organization" class="wp-block-jetpack-contact-info">
<p class="has-text-align-left" style="font-size:14px"><strong>Khudeja Patel</strong><br>Associate Professor<strong> </strong></p>
</div>



<ul class="wp-block-social-links is-layout-flex wp-block-social-links-is-layout-flex"><li class="wp-social-link wp-social-link-linkedin  wp-block-social-link"><a href="https://www.linkedin.com/in/khudeja-saiyed-01965599/" class="wp-block-social-link-anchor"><svg width="24" height="24" viewBox="0 0 24 24" version="1.1" xmlns="http://www.w3.org/2000/svg" aria-hidden="true" focusable="false"><path d="M19.7,3H4.3C3.582,3,3,3.582,3,4.3v15.4C3,20.418,3.582,21,4.3,21h15.4c0.718,0,1.3-0.582,1.3-1.3V4.3 C21,3.582,20.418,3,19.7,3z M8.339,18.338H5.667v-8.59h2.672V18.338z M7.004,8.574c-0.857,0-1.549-0.694-1.549-1.548 c0-0.855,0.691-1.548,1.549-1.548c0.854,0,1.547,0.694,1.547,1.548C8.551,7.881,7.858,8.574,7.004,8.574z M18.339,18.338h-2.669 v-4.177c0-0.996-0.017-2.278-1.387-2.278c-1.389,0-1.601,1.086-1.601,2.206v4.249h-2.667v-8.59h2.559v1.174h0.037 c0.356-0.675,1.227-1.387,2.526-1.387c2.703,0,3.203,1.779,3.203,4.092V18.338z"></path></svg><span class="wp-block-social-link-label screen-reader-text">LinkedIn</span></a></li>

<li class="wp-social-link wp-social-link-instagram  wp-block-social-link"><a href="https://www.instagram.com/khudejazeba/" class="wp-block-social-link-anchor"><svg width="24" height="24" viewBox="0 0 24 24" version="1.1" xmlns="http://www.w3.org/2000/svg" aria-hidden="true" focusable="false"><path d="M12,4.622c2.403,0,2.688,0.009,3.637,0.052c0.877,0.04,1.354,0.187,1.671,0.31c0.42,0.163,0.72,0.358,1.035,0.673 c0.315,0.315,0.51,0.615,0.673,1.035c0.123,0.317,0.27,0.794,0.31,1.671c0.043,0.949,0.052,1.234,0.052,3.637 s-0.009,2.688-0.052,3.637c-0.04,0.877-0.187,1.354-0.31,1.671c-0.163,0.42-0.358,0.72-0.673,1.035 c-0.315,0.315-0.615,0.51-1.035,0.673c-0.317,0.123-0.794,0.27-1.671,0.31c-0.949,0.043-1.233,0.052-3.637,0.052 s-2.688-0.009-3.637-0.052c-0.877-0.04-1.354-0.187-1.671-0.31c-0.42-0.163-0.72-0.358-1.035-0.673 c-0.315-0.315-0.51-0.615-0.673-1.035c-0.123-0.317-0.27-0.794-0.31-1.671C4.631,14.688,4.622,14.403,4.622,12 s0.009-2.688,0.052-3.637c0.04-0.877,0.187-1.354,0.31-1.671c0.163-0.42,0.358-0.72,0.673-1.035 c0.315-0.315,0.615-0.51,1.035-0.673c0.317-0.123,0.794-0.27,1.671-0.31C9.312,4.631,9.597,4.622,12,4.622 M12,3 C9.556,3,9.249,3.01,8.289,3.054C7.331,3.098,6.677,3.25,6.105,3.472C5.513,3.702,5.011,4.01,4.511,4.511 c-0.5,0.5-0.808,1.002-1.038,1.594C3.25,6.677,3.098,7.331,3.054,8.289C3.01,9.249,3,9.556,3,12c0,2.444,0.01,2.751,0.054,3.711 c0.044,0.958,0.196,1.612,0.418,2.185c0.23,0.592,0.538,1.094,1.038,1.594c0.5,0.5,1.002,0.808,1.594,1.038 c0.572,0.222,1.227,0.375,2.185,0.418C9.249,20.99,9.556,21,12,21s2.751-0.01,3.711-0.054c0.958-0.044,1.612-0.196,2.185-0.418 c0.592-0.23,1.094-0.538,1.594-1.038c0.5-0.5,0.808-1.002,1.038-1.594c0.222-0.572,0.375-1.227,0.418-2.185 C20.99,14.751,21,14.444,21,12s-0.01-2.751-0.054-3.711c-0.044-0.958-0.196-1.612-0.418-2.185c-0.23-0.592-0.538-1.094-1.038-1.594 c-0.5-0.5-1.002-0.808-1.594-1.038c-0.572-0.222-1.227-0.375-2.185-0.418C14.751,3.01,14.444,3,12,3L12,3z M12,7.378 c-2.552,0-4.622,2.069-4.622,4.622S9.448,16.622,12,16.622s4.622-2.069,4.622-4.622S14.552,7.378,12,7.378z M12,15 c-1.657,0-3-1.343-3-3s1.343-3,3-3s3,1.343,3,3S13.657,15,12,15z M16.804,6.116c-0.596,0-1.08,0.484-1.08,1.08 s0.484,1.08,1.08,1.08c0.596,0,1.08-0.484,1.08-1.08S17.401,6.116,16.804,6.116z"></path></svg><span class="wp-block-social-link-label screen-reader-text">Instagram</span></a></li>

<li class="wp-social-link wp-social-link-mail  wp-block-social-link"><a href="mailto:&#107;hud&#101;j&#097;&#046;&#115;&#097;&#105;ye&#100;&#064;&#105;es.e&#100;&#117;" class="wp-block-social-link-anchor"><svg width="24" height="24" viewBox="0 0 24 24" version="1.1" xmlns="http://www.w3.org/2000/svg" aria-hidden="true" focusable="false"><path d="M19,5H5c-1.1,0-2,.9-2,2v10c0,1.1.9,2,2,2h14c1.1,0,2-.9,2-2V7c0-1.1-.9-2-2-2zm.5,12c0,.3-.2.5-.5.5H5c-.3,0-.5-.2-.5-.5V9.8l7.5,5.6,7.5-5.6V17zm0-9.1L12,13.6,4.5,7.9V7c0-.3.2-.5.5-.5h14c.3,0,.5.2.5.5v.9z"></path></svg><span class="wp-block-social-link-label screen-reader-text">Mail</span></a></li></ul>
</div>



<div class="wp-block-jetpack-layout-grid-column wp-block-jetpack-layout-grid__padding-none">
<h6 class="wp-block-heading" id="about"><strong>About</strong></h6>



<p style="font-size:14px"><br>Khudeja has been teaching architecture since 2009 at various colleges of architecture and is currently an Associate Prof at IES COA. She completed her Bachelors from Rizvi College of Architecture and then moved on to pursuing her M. Arch. in urban and regional planning from IES College of Architecture. She has a keen interest in studying the vernacular architecture of various regions and has conducted studios in the past regarding the same. She also shoulders responsibility for conducting lectures and studios on urban Planning for the students in their final year in the subject of Allied Design. Allied design studio for final year students at IES College of Architecture focuses exclusively on Urban Planning, a syllabus designed keeping in mind the overall understanding of the subject and equipping students in pursuing further studies for the same. Research in architecture and urban issues interest her immensely and is driven towards creating a stronger foothold in the same. An ardent traveller, Khudeja loves to travel and explore places. She believes that travel is the best form of learning. And just like travel, the learning process must never stop.</p>
</div>



<div class="wp-block-jetpack-layout-grid-column wp-block-jetpack-layout-grid__padding-none">
<h6 class="wp-block-heading" id="education-1">Education</h6>



<p style="font-size:14px"><br>1. Masters of Architecture (Urban and Regional Planning), YCMOU (IES College of Architecture, Mumbai), 2014 </p>



<p style="font-size:14px">2. Passed Bachelors of Architecture, Mumbai University (Rizvi College of Architecture, Mumbai), 2008</p>
</div>



<div class="wp-block-jetpack-layout-grid-column wp-block-jetpack-layout-grid__padding-none">
<h6 class="wp-block-heading" id="notable-achievement-publications-and-projects">Notable Achievement, Publications and Projects</h6>



<ul class="wp-block-list" style="font-size:14px"><li>Felicitated at the IIA Dissertation Award for mentoring a student who won fourth place amongst dissertation students of colleges in the MMR for the year 2020. <br>Article published in Council of Architecture (India) magazine, Architecture, Time Space and People, March 2012 – Architecture without architects</li><li> Invited as a speaker at the 15th Asian Congress of Architects- ARCASIA 2012 held at Bali, Indonesia to read a paper on Symbiosis of Cultural heritage and Modernist Inserts in Asian countries </li><li>Attended the Vernacular Architecture Forum held in Gaspé-Percé, Québec, Canada from 11-15 June 2013, as respondent in the Sustaining the tourism industry in Perce workshop. </li><li>Presented a paper entitled Housing analysis at fringe area- A parametric analysis, case-Mumbai at the conference Future Housing: Global Cities and Regional Problems organized by AMPS, the scholarly journal Architecture MPS, and Swinburne University of Technology. </li><li>Delivered a lecture and conducted a workshop for COATRC at IES College of Architecture on Documentation of temple precinct in December 2020</li><li>Conducted a three day workshop on Field Research Methods Study of Jivdani temple precinct in Virar. , November 2015 at Viva College of architecture.</li><li>Conducted a workshop on ‘Study of Impact of Religious Spaces on their Surroundings, Case: Island City Mumbai’ at IES College of Architecture, Mumbai.</li><li>Conducted an elective on Art movement in Architecture at NDMVPS College of Architecture in November 2019. </li><li>Appointed as the subject incharge for Allied design (semester 3 and 4) and designed the course content for the new syllabus introduced by the Mumbai University. Of the various projects done, one of the projects of furniture out of scrap had been displayed in the Bandra Art Festival in November 2014 and in the Kala Ghoda art festival in February 2014.</li></ul>
</div>
</div>
</div></div>
